{"id":987714,"date":"2022-07-11T10:05:56","date_gmt":"2022-07-11T10:05:56","guid":{"rendered":"https:\/\/chersparents.be\/?page_id=987714"},"modified":"2022-11-03T14:56:54","modified_gmt":"2022-11-03T14:56:54","slug":"neerlandais","status":"publish","type":"page","link":"https:\/\/chersparents.be\/index.php\/comprendre-outils-scolaires\/neerlandais\/","title":{"rendered":"N\u00e9erlandais"},"content":{"rendered":"\t\t<div data-elementor-type=\"wp-page\" data-elementor-id=\"987714\" class=\"elementor elementor-987714\" data-elementor-post-type=\"page\">\n\t\t\t\t\t\t<section class=\"elementor-section elementor-top-section elementor-element elementor-element-e6e16e1 elementor-section-boxed elementor-section-height-default elementor-section-height-default\" data-id=\"e6e16e1\" data-element_type=\"section\" data-settings=\"{&quot;background_motion_fx_scale_effect&quot;:&quot;yes&quot;,&quot;background_motion_fx_scale_direction&quot;:&quot;in-out&quot;,&quot;background_motion_fx_scale_range&quot;:{&quot;unit&quot;:&quot;%&quot;,&quot;size&quot;:&quot;&quot;,&quot;sizes&quot;:{&quot;start&quot;:0,&quot;end&quot;:41}},&quot;background_motion_fx_scale_speed&quot;:{&quot;unit&quot;:&quot;px&quot;,&quot;size&quot;:4,&quot;sizes&quot;:[]},&quot;background_motion_fx_devices&quot;:[&quot;desktop&quot;,&quot;tablet&quot;,&quot;mobile&quot;]}\">\n\t\t\t\t\t\t<div class=\"elementor-container elementor-column-gap-default\">\n\t\t\t\t\t<div class=\"elementor-column elementor-col-100 elementor-top-column elementor-element elementor-element-35586e9\" data-id=\"35586e9\" data-element_type=\"column\">\n\t\t\t<div class=\"elementor-widget-wrap elementor-element-populated\">\n\t\t\t\t\t\t<div class=\"elementor-element elementor-element-52cfc4b3 elementor-widget elementor-widget-heading\" data-id=\"52cfc4b3\" data-element_type=\"widget\" data-widget_type=\"heading.default\">\n\t\t\t\t<div class=\"elementor-widget-container\">\n\t\t\t\t\t<h3 class=\"elementor-heading-title elementor-size-xl\">Les deuxi\u00e8me et troisi\u00e8me degr\u00e9s\u200b<\/h3>\t\t\t\t<\/div>\n\t\t\t\t<\/div>\n\t\t\t\t<div class=\"elementor-element elementor-element-560372f elementor-widget elementor-widget-spacer\" data-id=\"560372f\" data-element_type=\"widget\" data-widget_type=\"spacer.default\">\n\t\t\t\t<div class=\"elementor-widget-container\">\n\t\t\t\t\t\t\t<div class=\"elementor-spacer\">\n\t\t\t<div class=\"elementor-spacer-inner\"><\/div>\n\t\t<\/div>\n\t\t\t\t\t\t<\/div>\n\t\t\t\t<\/div>\n\t\t\t\t<div class=\"elementor-element elementor-element-6f5f784b elementor-widget elementor-widget-heading\" data-id=\"6f5f784b\" data-element_type=\"widget\" data-widget_type=\"heading.default\">\n\t\t\t\t<div class=\"elementor-widget-container\">\n\t\t\t\t\t<h3 class=\"elementor-heading-title elementor-size-default\">De l\u2019utilit\u00e9 et de l\u2019int\u00e9r\u00eat des cours de langue modernes<\/h3>\t\t\t\t<\/div>\n\t\t\t\t<\/div>\n\t\t\t\t<div class=\"elementor-element elementor-element-2d9f969c elementor-widget elementor-widget-text-editor\" data-id=\"2d9f969c\" data-element_type=\"widget\" data-widget_type=\"text-editor.default\">\n\t\t\t\t<div class=\"elementor-widget-container\">\n\t\t\t\t\t\t\t\t\t<p>Le cours de langue moderne vise \u00e0\u00a0:<\/p><ul><li>d\u00e9velopper la confiance en soi de chacun des \u00e9l\u00e8ves ;<\/li><li>favoriser la prise de conscience de la culture de chaque \u00e9l\u00e8ves et la situer par rapport \u00e0 celle des autres ;<\/li><li>promouvoir la connaissance des langues modernes comme facteur d\u2019int\u00e9gration europ\u00e9enne et mondiale ;<\/li><li>favoriser le d\u00e9veloppement d\u2019une vision positive de l\u2019interaction culturelle ;<\/li><li>amener tous les \u00e9l\u00e8ves \u00e0 s\u2019approprier des savoirs et \u00e0 acqu\u00e9rir des comp\u00e9tences qui leur permettent d\u2019apprendre toute leur vie et de prendre une place active dans la vie \u00e9conomique, sociale et culturelle ;<\/li><li>pr\u00e9parer tous les \u00e9l\u00e8ves \u00e0 \u00eatre des citoyens responsables, capables de contribuer au d\u00e9veloppement d\u2019une soci\u00e9t\u00e9 d\u00e9mocratique, solidaire et ouverte aux autres cultures ;<\/li><li>assurer \u00e0 tous les \u00e9l\u00e8ves des chances \u00e9gales d\u2019\u00e9mancipation sociale.<\/li><\/ul><p>\u00a0<\/p>\t\t\t\t\t\t\t\t<\/div>\n\t\t\t\t<\/div>\n\t\t\t\t<div class=\"elementor-element elementor-element-6b015224 elementor-widget elementor-widget-heading\" data-id=\"6b015224\" data-element_type=\"widget\" data-widget_type=\"heading.default\">\n\t\t\t\t<div class=\"elementor-widget-container\">\n\t\t\t\t\t<h3 class=\"elementor-heading-title elementor-size-default\">Une dimension socioculturelle<\/h3>\t\t\t\t<\/div>\n\t\t\t\t<\/div>\n\t\t\t\t<div class=\"elementor-element elementor-element-18d8f4a9 elementor-widget elementor-widget-text-editor\" data-id=\"18d8f4a9\" data-element_type=\"widget\" data-widget_type=\"text-editor.default\">\n\t\t\t\t<div class=\"elementor-widget-container\">\n\t\t\t\t\t\t\t\t\t<p>Le cours de langue moderne vise \u00e0 amener l\u2019\u00e9l\u00e8ve \u00e0 :<\/p><ul><li>appr\u00e9hender la richesse des autres cultures : patrimoine et traditions, cr\u00e9ation artistique, modes de vie ;<\/li><li>d\u00e9coder divers faits, comportements et points de rep\u00e8res utiles en vue de communiquer et de se comporter de fa\u00e7on ad\u00e9quate ;<\/li><li>percevoir et modifier des id\u00e9es pr\u00e9con\u00e7ues sur les autres cultures ;<\/li><li>identifier les \u00e9l\u00e9ments socioculturels cl\u00e9s pour une communication efficace.<\/li><\/ul>\t\t\t\t\t\t\t\t<\/div>\n\t\t\t\t<\/div>\n\t\t\t\t<div class=\"elementor-element elementor-element-3940a979 elementor-widget elementor-widget-heading\" data-id=\"3940a979\" data-element_type=\"widget\" data-widget_type=\"heading.default\">\n\t\t\t\t<div class=\"elementor-widget-container\">\n\t\t\t\t\t<h3 class=\"elementor-heading-title elementor-size-default\">Une dimension citoyenne\n<\/h3>\t\t\t\t<\/div>\n\t\t\t\t<\/div>\n\t\t\t\t<div class=\"elementor-element elementor-element-7d586cbf elementor-widget elementor-widget-text-editor\" data-id=\"7d586cbf\" data-element_type=\"widget\" data-widget_type=\"text-editor.default\">\n\t\t\t\t<div class=\"elementor-widget-container\">\n\t\t\t\t\t\t\t\t\t<p>Comme pour la dimension socioculturelle, la citoyennet\u00e9 sera int\u00e9gr\u00e9e aussi souvent que possible aux activit\u00e9s par les documents propos\u00e9s et les th\u00e9matiques abord\u00e9es.<\/p><p>Par ailleurs, au fil du cours de langues modernes, l\u2019\u00e9l\u00e8ve est amen\u00e9 \u00e0 faire des choix parmi les ressources mises \u00e0 sa disposition, \u00e0 en \u00e9valuer la pertinence, et par l\u00e0 m\u00eame, \u00e0 d\u00e9velopper son sens critique.<\/p>\t\t\t\t\t\t\t\t<\/div>\n\t\t\t\t<\/div>\n\t\t\t\t<div class=\"elementor-element elementor-element-1cfa5128 elementor-widget elementor-widget-heading\" data-id=\"1cfa5128\" data-element_type=\"widget\" data-widget_type=\"heading.default\">\n\t\t\t\t<div class=\"elementor-widget-container\">\n\t\t\t\t\t<h3 class=\"elementor-heading-title elementor-size-default\">Une dimension num\u00e9rique<\/h3>\t\t\t\t<\/div>\n\t\t\t\t<\/div>\n\t\t\t\t<div class=\"elementor-element elementor-element-49e69a93 elementor-widget elementor-widget-text-editor\" data-id=\"49e69a93\" data-element_type=\"widget\" data-widget_type=\"text-editor.default\">\n\t\t\t\t<div class=\"elementor-widget-container\">\n\t\t\t\t\t\t\t\t\t<p>Dans le monde d\u2019aujourd\u2019hui, la dimension num\u00e9rique est incontournable. L\u2019utilisation des outils num\u00e9riques est fortement encourag\u00e9e dans le cours de langue moderne, tant via les th\u00e9matiques et les supports propos\u00e9s que dans les productions attendues (m\u00e9dias en ligne, outils de pr\u00e9sentation, outils de r\u00e9f\u00e9rence, etc.).\u00a0<\/p>\t\t\t\t\t\t\t\t<\/div>\n\t\t\t\t<\/div>\n\t\t\t\t<div class=\"elementor-element elementor-element-f733c2f elementor-widget elementor-widget-spacer\" data-id=\"f733c2f\" data-element_type=\"widget\" data-widget_type=\"spacer.default\">\n\t\t\t\t<div class=\"elementor-widget-container\">\n\t\t\t\t\t\t\t<div class=\"elementor-spacer\">\n\t\t\t<div class=\"elementor-spacer-inner\"><\/div>\n\t\t<\/div>\n\t\t\t\t\t\t<\/div>\n\t\t\t\t<\/div>\n\t\t\t\t<div class=\"elementor-element elementor-element-f65428a elementor-widget elementor-widget-heading\" data-id=\"f65428a\" data-element_type=\"widget\" data-widget_type=\"heading.default\">\n\t\t\t\t<div class=\"elementor-widget-container\">\n\t\t\t\t\t<h3 class=\"elementor-heading-title elementor-size-default\">Les UAA<\/h3>\t\t\t\t<\/div>\n\t\t\t\t<\/div>\n\t\t\t\t<div class=\"elementor-element elementor-element-211af45e elementor-widget elementor-widget-text-editor\" data-id=\"211af45e\" data-element_type=\"widget\" data-widget_type=\"text-editor.default\">\n\t\t\t\t<div class=\"elementor-widget-container\">\n\t\t\t\t\t\t\t\t\t<p>Le r\u00e9f\u00e9rentiel de langues modernes d\u00e9coupe les apprentissages en \u00ab\u00a0UAA\u00a0\u00bb, les \u00ab\u00a0Unit\u00e9s d\u2019acquis d\u2019apprentissage\u00a0\u00bb. Cela d\u00e9signe des ensembles coh\u00e9rents d\u2019apprentissages que l\u2019on peut \u00e9valuer une fois qu\u2019ils sont acquis dans leur ensemble. Dans chaque UAA, on apprend ou on exerce certaines comp\u00e9tences. Pour le cours de langues modernes, les comp\u00e9tences d\u00e9velopp\u00e9es au sein des UAA sont les suivantes\u00a0:<\/p><p><img fetchpriority=\"high\" decoding=\"async\" class=\"alignnone wp-image-989941\" src=\"https:\/\/chersparents.be\/wp-content\/uploads\/2022\/10\/Sans-titre-5-300x211.png\" alt=\"\" width=\"650\" height=\"458\" srcset=\"https:\/\/chersparents.be\/wp-content\/uploads\/2022\/10\/Sans-titre-5-300x211.png 300w, https:\/\/chersparents.be\/wp-content\/uploads\/2022\/10\/Sans-titre-5-1024x721.png 1024w, https:\/\/chersparents.be\/wp-content\/uploads\/2022\/10\/Sans-titre-5-768x541.png 768w, https:\/\/chersparents.be\/wp-content\/uploads\/2022\/10\/Sans-titre-5-1536x1082.png 1536w, https:\/\/chersparents.be\/wp-content\/uploads\/2022\/10\/Sans-titre-5-2048x1443.png 2048w\" sizes=\"(max-width: 650px) 100vw, 650px\" \/><\/p>\t\t\t\t\t\t\t\t<\/div>\n\t\t\t\t<\/div>\n\t\t\t\t<div class=\"elementor-element elementor-element-f3deebb elementor-widget elementor-widget-spacer\" data-id=\"f3deebb\" data-element_type=\"widget\" data-widget_type=\"spacer.default\">\n\t\t\t\t<div class=\"elementor-widget-container\">\n\t\t\t\t\t\t\t<div class=\"elementor-spacer\">\n\t\t\t<div class=\"elementor-spacer-inner\"><\/div>\n\t\t<\/div>\n\t\t\t\t\t\t<\/div>\n\t\t\t\t<\/div>\n\t\t\t\t<div class=\"elementor-element elementor-element-a1d2bc4 elementor-widget elementor-widget-text-editor\" data-id=\"a1d2bc4\" data-element_type=\"widget\" data-widget_type=\"text-editor.default\">\n\t\t\t\t<div class=\"elementor-widget-container\">\n\t\t\t\t\t\t\t\t\t<p>Source :<\/p>\n<p><span style=\"letter-spacing: var(--vamtam-primary-font-letter-spacing-desktop,normal);background-color: var(--vamtam-accent-color-5)\">F\u00e9d\u00e9ration Wallonie-Bruxelles, Administration g\u00e9n\u00e9rale de l\u2019Enseignement et de la Recherche scientifique,&nbsp;<\/span><span style=\"letter-spacing: var(--vamtam-primary-font-letter-spacing-desktop,normal);font-style: italic\">Comp\u00e9tences terminales et savoirs requis en&nbsp;math\u00e9matiques. Humanit\u00e9s g\u00e9n\u00e9rales et technologiques. Langues modernes<\/span><span style=\"letter-spacing: var(--vamtam-primary-font-letter-spacing-desktop,normal);background-color: var(--vamtam-accent-color-5)\">, sur<\/span><span style=\"letter-spacing: var(--vamtam-primary-font-letter-spacing-desktop,normal);background-color: var(--vamtam-accent-color-5)\">&nbsp;<\/span><a href=\"http:\/\/www.enseignement.be\/index.php?page=25189&amp;navi=296\" style=\"font-family: inherit;font-size: inherit;font-style: inherit;letter-spacing: var(--vamtam-primary-font-letter-spacing-desktop,normal)\">www.enseignement.be<\/a><span style=\"letter-spacing: var(--vamtam-primary-font-letter-spacing-desktop,normal);background-color: var(--vamtam-accent-color-5)\">&nbsp;(date de consultation : 11 oct. 2022).<\/span><\/p>\n<p><br><\/p>\n<p><br><\/p>\t\t\t\t\t\t\t\t<\/div>\n\t\t\t\t<\/div>\n\t\t\t\t\t<\/div>\n\t\t<\/div>\n\t\t\t\t\t<\/div>\n\t\t<\/section>\n\t\t\t\t<\/div>\n\t\t","protected":false},"excerpt":{"rendered":"<p>Les deuxi\u00e8me et troisi\u00e8me degr\u00e9s\u200b De l\u2019utilit\u00e9 et de l\u2019int\u00e9r\u00eat des cours de langue modernes Le cours de langue moderne vise \u00e0\u00a0: d\u00e9velopper la confiance en soi de chacun des \u00e9l\u00e8ves ; favoriser la prise de conscience de la culture de chaque \u00e9l\u00e8ves et la situer par rapport \u00e0 celle des autres ; promouvoir la&#8230;<\/p>\n","protected":false},"author":4,"featured_media":0,"parent":987667,"menu_order":3,"comment_status":"closed","ping_status":"closed","template":"","meta":{"footnotes":""},"class_list":["post-987714","page","type-page","status-publish","hentry"],"_links":{"self":[{"href":"https:\/\/chersparents.be\/index.php\/wp-json\/wp\/v2\/pages\/987714","targetHints":{"allow":["GET"]}}],"collection":[{"href":"https:\/\/chersparents.be\/index.php\/wp-json\/wp\/v2\/pages"}],"about":[{"href":"https:\/\/chersparents.be\/index.php\/wp-json\/wp\/v2\/types\/page"}],"author":[{"embeddable":true,"href":"https:\/\/chersparents.be\/index.php\/wp-json\/wp\/v2\/users\/4"}],"replies":[{"embeddable":true,"href":"https:\/\/chersparents.be\/index.php\/wp-json\/wp\/v2\/comments?post=987714"}],"version-history":[{"count":16,"href":"https:\/\/chersparents.be\/index.php\/wp-json\/wp\/v2\/pages\/987714\/revisions"}],"predecessor-version":[{"id":989966,"href":"https:\/\/chersparents.be\/index.php\/wp-json\/wp\/v2\/pages\/987714\/revisions\/989966"}],"up":[{"embeddable":true,"href":"https:\/\/chersparents.be\/index.php\/wp-json\/wp\/v2\/pages\/987667"}],"wp:attachment":[{"href":"https:\/\/chersparents.be\/index.php\/wp-json\/wp\/v2\/media?parent=987714"}],"curies":[{"name":"wp","href":"https:\/\/api.w.org\/{rel}","templated":true}]}}

Néerlandais

<div data-elementor-type="wp-page" data-elementor-id="987714" class="elementor elementor-987714" data-elementor-post-type="page">
						<section class="elementor-section elementor-top-section elementor-element elementor-element-e6e16e1 elementor-section-boxed elementor-section-height-default elementor-section-height-default" data-id="e6e16e1" data-element_type="section" data-settings="{&quot;background_motion_fx_scale_effect&quot;:&quot;yes&quot;,&quot;background_motion_fx_scale_direction&quot;:&quot;in-out&quot;,&quot;background_motion_fx_scale_range&quot;:{&quot;unit&quot;:&quot;%&quot;,&quot;size&quot;:&quot;&quot;,&quot;sizes&quot;:{&quot;start&quot;:0,&quot;end&quot;:41}},&quot;background_motion_fx_scale_speed&quot;:{&quot;unit&quot;:&quot;px&quot;,&quot;size&quot;:4,&quot;sizes&quot;:[]},&quot;background_motion_fx_devices&quot;:[&quot;desktop&quot;,&quot;tablet&quot;,&quot;mobile&quot;]}">
						<div class="elementor-container elementor-column-gap-default">
					<div class="elementor-column elementor-col-100 elementor-top-column elementor-element elementor-element-35586e9" data-id="35586e9" data-element_type="column">
			<div class="elementor-widget-wrap elementor-element-populated">
						<div class="elementor-element elementor-element-52cfc4b3 elementor-widget elementor-widget-heading" data-id="52cfc4b3" data-element_type="widget" data-widget_type="heading.default">
				<div class="elementor-widget-container">
					<h3 class="elementor-heading-title elementor-size-xl">Les deuxième et troisième degrés​</h3>				</div>
				</div>
				<div class="elementor-element elementor-element-560372f elementor-widget elementor-widget-spacer" data-id="560372f" data-element_type="widget" data-widget_type="spacer.default">
				<div class="elementor-widget-container">
							<div class="elementor-spacer">
			<div class="elementor-spacer-inner"></div>
		</div>
						</div>
				</div>
				<div class="elementor-element elementor-element-6f5f784b elementor-widget elementor-widget-heading" data-id="6f5f784b" data-element_type="widget" data-widget_type="heading.default">
				<div class="elementor-widget-container">
					<h3 class="elementor-heading-title elementor-size-default">De l’utilité et de l’intérêt des cours de langue modernes</h3>				</div>
				</div>
				<div class="elementor-element elementor-element-2d9f969c elementor-widget elementor-widget-text-editor" data-id="2d9f969c" data-element_type="widget" data-widget_type="text-editor.default">
				<div class="elementor-widget-container">
									<p>Le cours de langue moderne vise à :</p><ul><li>développer la confiance en soi de chacun des élèves ;</li><li>favoriser la prise de conscience de la culture de chaque élèves et la situer par rapport à celle des autres ;</li><li>promouvoir la connaissance des langues modernes comme facteur d’intégration européenne et mondiale ;</li><li>favoriser le développement d’une vision positive de l’interaction culturelle ;</li><li>amener tous les élèves à s’approprier des savoirs et à acquérir des compétences qui leur permettent d’apprendre toute leur vie et de prendre une place active dans la vie économique, sociale et culturelle ;</li><li>préparer tous les élèves à être des citoyens responsables, capables de contribuer au développement d’une société démocratique, solidaire et ouverte aux autres cultures ;</li><li>assurer à tous les élèves des chances égales d’émancipation sociale.</li></ul><p> </p>								</div>
				</div>
				<div class="elementor-element elementor-element-6b015224 elementor-widget elementor-widget-heading" data-id="6b015224" data-element_type="widget" data-widget_type="heading.default">
				<div class="elementor-widget-container">
					<h3 class="elementor-heading-title elementor-size-default">Une dimension socioculturelle</h3>				</div>
				</div>
				<div class="elementor-element elementor-element-18d8f4a9 elementor-widget elementor-widget-text-editor" data-id="18d8f4a9" data-element_type="widget" data-widget_type="text-editor.default">
				<div class="elementor-widget-container">
									<p>Le cours de langue moderne vise à amener l’élève à :</p><ul><li>appréhender la richesse des autres cultures : patrimoine et traditions, création artistique, modes de vie ;</li><li>décoder divers faits, comportements et points de repères utiles en vue de communiquer et de se comporter de façon adéquate ;</li><li>percevoir et modifier des idées préconçues sur les autres cultures ;</li><li>identifier les éléments socioculturels clés pour une communication efficace.</li></ul>								</div>
				</div>
				<div class="elementor-element elementor-element-3940a979 elementor-widget elementor-widget-heading" data-id="3940a979" data-element_type="widget" data-widget_type="heading.default">
				<div class="elementor-widget-container">
					<h3 class="elementor-heading-title elementor-size-default">Une dimension citoyenne
</h3>				</div>
				</div>
				<div class="elementor-element elementor-element-7d586cbf elementor-widget elementor-widget-text-editor" data-id="7d586cbf" data-element_type="widget" data-widget_type="text-editor.default">
				<div class="elementor-widget-container">
									<p>Comme pour la dimension socioculturelle, la citoyenneté sera intégrée aussi souvent que possible aux activités par les documents proposés et les thématiques abordées.</p><p>Par ailleurs, au fil du cours de langues modernes, l’élève est amené à faire des choix parmi les ressources mises à sa disposition, à en évaluer la pertinence, et par là même, à développer son sens critique.</p>								</div>
				</div>
				<div class="elementor-element elementor-element-1cfa5128 elementor-widget elementor-widget-heading" data-id="1cfa5128" data-element_type="widget" data-widget_type="heading.default">
				<div class="elementor-widget-container">
					<h3 class="elementor-heading-title elementor-size-default">Une dimension numérique</h3>				</div>
				</div>
				<div class="elementor-element elementor-element-49e69a93 elementor-widget elementor-widget-text-editor" data-id="49e69a93" data-element_type="widget" data-widget_type="text-editor.default">
				<div class="elementor-widget-container">
									<p>Dans le monde d’aujourd’hui, la dimension numérique est incontournable. L’utilisation des outils numériques est fortement encouragée dans le cours de langue moderne, tant via les thématiques et les supports proposés que dans les productions attendues (médias en ligne, outils de présentation, outils de référence, etc.). </p>								</div>
				</div>
				<div class="elementor-element elementor-element-f733c2f elementor-widget elementor-widget-spacer" data-id="f733c2f" data-element_type="widget" data-widget_type="spacer.default">
				<div class="elementor-widget-container">
							<div class="elementor-spacer">
			<div class="elementor-spacer-inner"></div>
		</div>
						</div>
				</div>
				<div class="elementor-element elementor-element-f65428a elementor-widget elementor-widget-heading" data-id="f65428a" data-element_type="widget" data-widget_type="heading.default">
				<div class="elementor-widget-container">
					<h3 class="elementor-heading-title elementor-size-default">Les UAA</h3>				</div>
				</div>
				<div class="elementor-element elementor-element-211af45e elementor-widget elementor-widget-text-editor" data-id="211af45e" data-element_type="widget" data-widget_type="text-editor.default">
				<div class="elementor-widget-container">
									<p>Le référentiel de langues modernes découpe les apprentissages en « UAA », les « Unités d’acquis d’apprentissage ». Cela désigne des ensembles cohérents d’apprentissages que l’on peut évaluer une fois qu’ils sont acquis dans leur ensemble. Dans chaque UAA, on apprend ou on exerce certaines compétences. Pour le cours de langues modernes, les compétences développées au sein des UAA sont les suivantes :</p><p><img fetchpriority="high" decoding="async" class="alignnone wp-image-989941" src="https://chersparents.be/wp-content/uploads/2022/10/Sans-titre-5-300x211.png" alt="" width="650" height="458" srcset="https://chersparents.be/wp-content/uploads/2022/10/Sans-titre-5-300x211.png 300w, https://chersparents.be/wp-content/uploads/2022/10/Sans-titre-5-1024x721.png 1024w, https://chersparents.be/wp-content/uploads/2022/10/Sans-titre-5-768x541.png 768w, https://chersparents.be/wp-content/uploads/2022/10/Sans-titre-5-1536x1082.png 1536w, https://chersparents.be/wp-content/uploads/2022/10/Sans-titre-5-2048x1443.png 2048w" sizes="(max-width: 650px) 100vw, 650px" /></p>								</div>
				</div>
				<div class="elementor-element elementor-element-f3deebb elementor-widget elementor-widget-spacer" data-id="f3deebb" data-element_type="widget" data-widget_type="spacer.default">
				<div class="elementor-widget-container">
							<div class="elementor-spacer">
			<div class="elementor-spacer-inner"></div>
		</div>
						</div>
				</div>
				<div class="elementor-element elementor-element-a1d2bc4 elementor-widget elementor-widget-text-editor" data-id="a1d2bc4" data-element_type="widget" data-widget_type="text-editor.default">
				<div class="elementor-widget-container">
									<p>Source :</p>
<p><span style="letter-spacing: var(--vamtam-primary-font-letter-spacing-desktop,normal);background-color: var(--vamtam-accent-color-5)">Fédération Wallonie-Bruxelles, Administration générale de l’Enseignement et de la Recherche scientifique,&nbsp;</span><span style="letter-spacing: var(--vamtam-primary-font-letter-spacing-desktop,normal);font-style: italic">Compétences terminales et savoirs requis en&nbsp;mathématiques. Humanités générales et technologiques. Langues modernes</span><span style="letter-spacing: var(--vamtam-primary-font-letter-spacing-desktop,normal);background-color: var(--vamtam-accent-color-5)">, sur</span><span style="letter-spacing: var(--vamtam-primary-font-letter-spacing-desktop,normal);background-color: var(--vamtam-accent-color-5)">&nbsp;</span><a href="http://www.enseignement.be/index.php?page=25189&amp;navi=296" style="font-family: inherit;font-size: inherit;font-style: inherit;letter-spacing: var(--vamtam-primary-font-letter-spacing-desktop,normal)">www.enseignement.be</a><span style="letter-spacing: var(--vamtam-primary-font-letter-spacing-desktop,normal);background-color: var(--vamtam-accent-color-5)">&nbsp;(date de consultation : 11 oct. 2022).</span></p>
<p><br></p>
<p><br></p>								</div>
				</div>
					</div>
		</div>
					</div>
		</section>
				</div>

<p>Les deuxième et troisième degrés​ De l’utilité et de l’intérêt des cours de langue modernes Le cours de langue moderne vise à : développer la confiance en soi de chacun des élèves ; favoriser la prise de conscience de la culture de chaque élèves et la situer par rapport à celle des autres ; promouvoir la&#8230;</p>
